{"id":96,"date":"2018-02-23T12:46:28","date_gmt":"2018-02-23T11:46:28","guid":{"rendered":"http:\/\/eutectic.fr\/?page_id=96"},"modified":"2018-04-30T13:51:20","modified_gmt":"2018-04-30T11:51:20","slug":"lhomme-en-rose","status":"publish","type":"page","link":"https:\/\/eutectic.fr\/?page_id=96","title":{"rendered":"l&rsquo;Homme en Rose"},"content":{"rendered":"<h2>\u00a0<img decoding=\"async\" loading=\"lazy\" class=\"size-medium wp-image-448 alignleft\" src=\"http:\/\/eutectic.fr\/wp-content\/uploads\/2018\/03\/lHomme-en-Rose-207x300.jpg\" alt=\"\" width=\"207\" height=\"300\" srcset=\"https:\/\/eutectic.fr\/wp-content\/uploads\/2018\/03\/lHomme-en-Rose-207x300.jpg 207w, https:\/\/eutectic.fr\/wp-content\/uploads\/2018\/03\/lHomme-en-Rose-600x868.jpg 600w, https:\/\/eutectic.fr\/wp-content\/uploads\/2018\/03\/lHomme-en-Rose.jpg 665w\" sizes=\"(max-width: 207px) 100vw, 207px\" \/><\/h2>\n<h2><span style=\"color: #ff00ff;\">L&rsquo;Homme en Rose<\/span> <span style=\"color: #000000;\">est un personnage intemporel, libre, l\u00e9ger, \u00e9vident.<\/span>\u00a0\u00a0\u00a0\u00a0\u00a0\u00a0\u00a0\u00a0\u00a0\u00a0\u00a0\u00a0\u00a0\u00a0\u00a0\u00a0\u00a0\u00a0\u00a0\u00a0\u00a0\u00a0\u00a0\u00a0\u00a0\u00a0\u00a0\u00a0\u00a0\u00a0\u00a0\u00a0\u00a0\u00a0\u00a0\u00a0\u00a0\u00a0\u00a0\u00a0\u00a0\u00a0\u00a0\u00a0\u00a0\u00a0\u00a0\u00a0\u00a0\u00a0\u00a0\u00a0\u00a0\u00a0\u00a0\u00a0\u00a0\u00a0\u00a0\u00a0\u00a0\u00a0\u00a0\u00a0\u00a0\u00a0\u00a0\u00a0\u00a0\u00a0\u00a0\u00a0\u00a0\u00a0\u00a0\u00a0\u00a0\u00a0\u00a0\u00a0\u00a0\u00a0\u00a0\u00a0\u00a0\u00a0\u00a0\u00a0\u00a0\u00a0\u00a0\u00a0\u00a0\u00a0\u00a0\u00a0\u00a0\u00a0\u00a0\u00a0\u00a0\u00a0\u00a0 <span style=\"color: #000000;\">Le\u00a0sourire aux l\u00e8vres, il croise les regards, va \u00e0 la rencontre, s&rsquo;adresse \u00e0 l&rsquo;individu. Cette ouverture aux autres lui permet de s&rsquo;approcher avec fluidit\u00e9, d&rsquo;aborder sans heurter, de s&rsquo;immiscer sans s&rsquo;imposer<\/span>.\u00a0\u00a0\u00a0\u00a0\u00a0\u00a0\u00a0\u00a0\u00a0\u00a0\u00a0\u00a0\u00a0\u00a0\u00a0\u00a0\u00a0\u00a0\u00a0\u00a0\u00a0\u00a0\u00a0\u00a0\u00a0\u00a0\u00a0\u00a0\u00a0\u00a0\u00a0\u00a0\u00a0\u00a0\u00a0\u00a0\u00a0\u00a0\u00a0\u00a0\u00a0\u00a0\u00a0\u00a0\u00a0\u00a0\u00a0\u00a0\u00a0\u00a0\u00a0\u00a0\u00a0\u00a0\u00a0\u00a0\u00a0\u00a0\u00a0\u00a0\u00a0 <span style=\"color: #ff00ff;\">L&rsquo;Homme en Rose<\/span><span style=\"color: #000000;\"> s&rsquo;adresse \u00e0 tous, \u00e0 toutes. Il improvise le<\/span> <span style=\"color: #000000;\">moment en fonction de la personne rencontr\u00e9e .Homme, femme, enfants, chaque individu est pris en compte.\u00a0\u00a0<\/span>\u00a0\u00a0\u00a0\u00a0\u00a0\u00a0\u00a0 <span style=\"color: #ff00ff;\">L&rsquo;Homme en Rose<\/span> <span style=\"color: #000000;\">d\u00e9ambule\u00a0dans les lieux publics, les rues, les parcs, chez les commer\u00e7ants, dans les \u00e9tablissements scolaires, les m\u00e9diath\u00e8ques&#8230; Il part \u00e0 la rencontre, investit les territoires pour proposer aux \u00ab\u00a0passants\u00a0\u00bb de devenir \u00ab\u00a0spectateurs\u00a0\u00bb le temps d&rsquo;un po\u00e8me.\u00a0\u00a0\u00a0\u00a0\u00a0\u00a0\u00a0\u00a0\u00a0\u00a0\u00a0\u00a0\u00a0\u00a0\u00a0\u00a0\u00a0\u00a0\u00a0\u00a0\u00a0\u00a0\u00a0\u00a0\u00a0\u00a0\u00a0\u00a0\u00a0\u00a0\u00a0\u00a0\u00a0\u00a0\u00a0\u00a0\u00a0\u00a0\u00a0\u00a0\u00a0\u00a0\u00a0\u00a0\u00a0\u00a0\u00a0\u00a0\u00a0\u00a0\u00a0\u00a0\u00a0\u00a0\u00a0\u00a0\u00a0\u00a0\u00a0\u00a0\u00a0\u00a0\u00a0\u00a0\u00a0\u00a0\u00a0\u00a0\u00a0\u00a0\u00a0\u00a0\u00a0\u00a0\u00a0\u00a0\u00a0\u00a0\u00a0\u00a0\u00a0\u00a0\u00a0\u00a0\u00a0\u00a0\u00a0\u00a0\u00a0\u00a0\u00a0\u00a0\u00a0\u00a0<\/span> <img decoding=\"async\" loading=\"lazy\" class=\"size-medium wp-image-932 alignright\" src=\"http:\/\/eutectic.fr\/wp-content\/uploads\/2018\/04\/img318-212x300.jpg\" alt=\"\" width=\"212\" height=\"300\" srcset=\"https:\/\/eutectic.fr\/wp-content\/uploads\/2018\/04\/img318-212x300.jpg 212w, https:\/\/eutectic.fr\/wp-content\/uploads\/2018\/04\/img318-768x1088.jpg 768w, https:\/\/eutectic.fr\/wp-content\/uploads\/2018\/04\/img318-723x1024.jpg 723w, https:\/\/eutectic.fr\/wp-content\/uploads\/2018\/04\/img318-600x850.jpg 600w, https:\/\/eutectic.fr\/wp-content\/uploads\/2018\/04\/img318.jpg 1700w\" sizes=\"(max-width: 212px) 100vw, 212px\" \/><\/h2>\n<h2>Journ\u00e9es du patrimoine septembre 2017 \u00e0 Reims<\/h2>\n<div id='gallery-1' class='gallery galleryid-96 gallery-columns-3 gallery-size-thumbnail'><figure class='gallery-item'>\n\t\t\t<div class='gallery-icon landscape'>\n\t\t\t\t<a href='https:\/\/eutectic.fr\/?attachment_id=97'><img width=\"150\" height=\"150\" src=\"https:\/\/eutectic.fr\/wp-content\/uploads\/2018\/02\/l-homme-en-rose-20-150x150.jpg\" class=\"attachment-thumbnail size-thumbnail\" alt=\"\" decoding=\"async\" loading=\"lazy\" srcset=\"https:\/\/eutectic.fr\/wp-content\/uploads\/2018\/02\/l-homme-en-rose-20-150x150.jpg 150w, https:\/\/eutectic.fr\/wp-content\/uploads\/2018\/02\/l-homme-en-rose-20-100x100.jpg 100w\" sizes=\"100vw\" \/><\/a>\n\t\t\t<\/div><\/figure><figure class='gallery-item'>\n\t\t\t<div class='gallery-icon landscape'>\n\t\t\t\t<a href='https:\/\/eutectic.fr\/?attachment_id=98'><img width=\"150\" height=\"150\" src=\"https:\/\/eutectic.fr\/wp-content\/uploads\/2018\/02\/l-homme-en-rose-21-150x150.jpg\" class=\"attachment-thumbnail size-thumbnail\" alt=\"\" decoding=\"async\" loading=\"lazy\" srcset=\"https:\/\/eutectic.fr\/wp-content\/uploads\/2018\/02\/l-homme-en-rose-21-150x150.jpg 150w, https:\/\/eutectic.fr\/wp-content\/uploads\/2018\/02\/l-homme-en-rose-21-100x100.jpg 100w\" sizes=\"100vw\" \/><\/a>\n\t\t\t<\/div><\/figure><figure class='gallery-item'>\n\t\t\t<div class='gallery-icon landscape'>\n\t\t\t\t<a href='https:\/\/eutectic.fr\/?attachment_id=99'><img width=\"150\" height=\"150\" src=\"https:\/\/eutectic.fr\/wp-content\/uploads\/2018\/02\/l-homme-en-rose-22-150x150.jpg\" class=\"attachment-thumbnail size-thumbnail\" alt=\"\" decoding=\"async\" loading=\"lazy\" srcset=\"https:\/\/eutectic.fr\/wp-content\/uploads\/2018\/02\/l-homme-en-rose-22-150x150.jpg 150w, https:\/\/eutectic.fr\/wp-content\/uploads\/2018\/02\/l-homme-en-rose-22-100x100.jpg 100w\" sizes=\"100vw\" \/><\/a>\n\t\t\t<\/div><\/figure><figure class='gallery-item'>\n\t\t\t<div class='gallery-icon landscape'>\n\t\t\t\t<a href='https:\/\/eutectic.fr\/?attachment_id=100'><img width=\"150\" height=\"150\" src=\"https:\/\/eutectic.fr\/wp-content\/uploads\/2018\/02\/l-homme-en-rose-1-150x150.jpg\" class=\"attachment-thumbnail size-thumbnail\" alt=\"\" decoding=\"async\" loading=\"lazy\" srcset=\"https:\/\/eutectic.fr\/wp-content\/uploads\/2018\/02\/l-homme-en-rose-1-150x150.jpg 150w, https:\/\/eutectic.fr\/wp-content\/uploads\/2018\/02\/l-homme-en-rose-1-100x100.jpg 100w\" sizes=\"100vw\" \/><\/a>\n\t\t\t<\/div><\/figure><figure class='gallery-item'>\n\t\t\t<div class='gallery-icon landscape'>\n\t\t\t\t<a href='https:\/\/eutectic.fr\/?attachment_id=101'><img width=\"150\" height=\"150\" src=\"https:\/\/eutectic.fr\/wp-content\/uploads\/2018\/02\/l-homme-en-rose-2-150x150.jpg\" class=\"attachment-thumbnail size-thumbnail\" alt=\"\" decoding=\"async\" loading=\"lazy\" srcset=\"https:\/\/eutectic.fr\/wp-content\/uploads\/2018\/02\/l-homme-en-rose-2-150x150.jpg 150w, https:\/\/eutectic.fr\/wp-content\/uploads\/2018\/02\/l-homme-en-rose-2-100x100.jpg 100w\" sizes=\"100vw\" \/><\/a>\n\t\t\t<\/div><\/figure><figure class='gallery-item'>\n\t\t\t<div class='gallery-icon portrait'>\n\t\t\t\t<a href='https:\/\/eutectic.fr\/?attachment_id=102'><img width=\"150\" height=\"150\" src=\"https:\/\/eutectic.fr\/wp-content\/uploads\/2018\/02\/l-homme-en-rose-3-150x150.jpg\" class=\"attachment-thumbnail size-thumbnail\" alt=\"\" decoding=\"async\" loading=\"lazy\" srcset=\"https:\/\/eutectic.fr\/wp-content\/uploads\/2018\/02\/l-homme-en-rose-3-150x150.jpg 150w, https:\/\/eutectic.fr\/wp-content\/uploads\/2018\/02\/l-homme-en-rose-3-100x100.jpg 100w\" sizes=\"100vw\" \/><\/a>\n\t\t\t<\/div><\/figure><figure class='gallery-item'>\n\t\t\t<div class='gallery-icon landscape'>\n\t\t\t\t<a href='https:\/\/eutectic.fr\/?attachment_id=103'><img width=\"150\" height=\"150\" src=\"https:\/\/eutectic.fr\/wp-content\/uploads\/2018\/02\/l-homme-en-rose-4-150x150.jpg\" class=\"attachment-thumbnail size-thumbnail\" alt=\"\" decoding=\"async\" loading=\"lazy\" srcset=\"https:\/\/eutectic.fr\/wp-content\/uploads\/2018\/02\/l-homme-en-rose-4-150x150.jpg 150w, https:\/\/eutectic.fr\/wp-content\/uploads\/2018\/02\/l-homme-en-rose-4-100x100.jpg 100w\" sizes=\"100vw\" \/><\/a>\n\t\t\t<\/div><\/figure><figure class='gallery-item'>\n\t\t\t<div class='gallery-icon portrait'>\n\t\t\t\t<a href='https:\/\/eutectic.fr\/?attachment_id=104'><img width=\"150\" height=\"150\" src=\"https:\/\/eutectic.fr\/wp-content\/uploads\/2018\/02\/l-homme-en-rose-5-150x150.jpg\" class=\"attachment-thumbnail size-thumbnail\" alt=\"\" decoding=\"async\" loading=\"lazy\" srcset=\"https:\/\/eutectic.fr\/wp-content\/uploads\/2018\/02\/l-homme-en-rose-5-150x150.jpg 150w, https:\/\/eutectic.fr\/wp-content\/uploads\/2018\/02\/l-homme-en-rose-5-100x100.jpg 100w\" sizes=\"100vw\" \/><\/a>\n\t\t\t<\/div><\/figure><figure class='gallery-item'>\n\t\t\t<div class='gallery-icon landscape'>\n\t\t\t\t<a href='https:\/\/eutectic.fr\/?attachment_id=105'><img width=\"150\" height=\"150\" src=\"https:\/\/eutectic.fr\/wp-content\/uploads\/2018\/02\/l-homme-en-rose-6-150x150.jpg\" class=\"attachment-thumbnail size-thumbnail\" alt=\"\" decoding=\"async\" loading=\"lazy\" srcset=\"https:\/\/eutectic.fr\/wp-content\/uploads\/2018\/02\/l-homme-en-rose-6-150x150.jpg 150w, https:\/\/eutectic.fr\/wp-content\/uploads\/2018\/02\/l-homme-en-rose-6-100x100.jpg 100w\" sizes=\"100vw\" \/><\/a>\n\t\t\t<\/div><\/figure><figure class='gallery-item'>\n\t\t\t<div class='gallery-icon landscape'>\n\t\t\t\t<a href='https:\/\/eutectic.fr\/?attachment_id=106'><img width=\"150\" height=\"150\" src=\"https:\/\/eutectic.fr\/wp-content\/uploads\/2018\/02\/l-homme-en-rose-7-150x150.jpg\" class=\"attachment-thumbnail size-thumbnail\" alt=\"\" decoding=\"async\" loading=\"lazy\" srcset=\"https:\/\/eutectic.fr\/wp-content\/uploads\/2018\/02\/l-homme-en-rose-7-150x150.jpg 150w, https:\/\/eutectic.fr\/wp-content\/uploads\/2018\/02\/l-homme-en-rose-7-100x100.jpg 100w\" sizes=\"100vw\" \/><\/a>\n\t\t\t<\/div><\/figure><figure class='gallery-item'>\n\t\t\t<div class='gallery-icon portrait'>\n\t\t\t\t<a href='https:\/\/eutectic.fr\/?attachment_id=107'><img width=\"150\" height=\"150\" src=\"https:\/\/eutectic.fr\/wp-content\/uploads\/2018\/02\/l-homme-en-rose-8-150x150.jpg\" class=\"attachment-thumbnail size-thumbnail\" alt=\"\" decoding=\"async\" loading=\"lazy\" srcset=\"https:\/\/eutectic.fr\/wp-content\/uploads\/2018\/02\/l-homme-en-rose-8-150x150.jpg 150w, https:\/\/eutectic.fr\/wp-content\/uploads\/2018\/02\/l-homme-en-rose-8-100x100.jpg 100w\" sizes=\"100vw\" \/><\/a>\n\t\t\t<\/div><\/figure><figure class='gallery-item'>\n\t\t\t<div class='gallery-icon landscape'>\n\t\t\t\t<a href='https:\/\/eutectic.fr\/?attachment_id=108'><img width=\"150\" height=\"150\" src=\"https:\/\/eutectic.fr\/wp-content\/uploads\/2018\/02\/l-homme-en-rose-9-150x150.jpg\" class=\"attachment-thumbnail size-thumbnail\" alt=\"\" decoding=\"async\" loading=\"lazy\" srcset=\"https:\/\/eutectic.fr\/wp-content\/uploads\/2018\/02\/l-homme-en-rose-9-150x150.jpg 150w, https:\/\/eutectic.fr\/wp-content\/uploads\/2018\/02\/l-homme-en-rose-9-100x100.jpg 100w\" sizes=\"100vw\" \/><\/a>\n\t\t\t<\/div><\/figure><figure class='gallery-item'>\n\t\t\t<div class='gallery-icon landscape'>\n\t\t\t\t<a href='https:\/\/eutectic.fr\/?attachment_id=109'><img width=\"150\" height=\"150\" src=\"https:\/\/eutectic.fr\/wp-content\/uploads\/2018\/02\/l-homme-en-rose-10-150x150.jpg\" class=\"attachment-thumbnail size-thumbnail\" alt=\"\" decoding=\"async\" loading=\"lazy\" srcset=\"https:\/\/eutectic.fr\/wp-content\/uploads\/2018\/02\/l-homme-en-rose-10-150x150.jpg 150w, https:\/\/eutectic.fr\/wp-content\/uploads\/2018\/02\/l-homme-en-rose-10-100x100.jpg 100w\" sizes=\"100vw\" \/><\/a>\n\t\t\t<\/div><\/figure><figure class='gallery-item'>\n\t\t\t<div class='gallery-icon landscape'>\n\t\t\t\t<a href='https:\/\/eutectic.fr\/?attachment_id=110'><img width=\"150\" height=\"150\" src=\"https:\/\/eutectic.fr\/wp-content\/uploads\/2018\/02\/l-homme-en-rose-11-150x150.jpg\" class=\"attachment-thumbnail size-thumbnail\" alt=\"\" decoding=\"async\" loading=\"lazy\" srcset=\"https:\/\/eutectic.fr\/wp-content\/uploads\/2018\/02\/l-homme-en-rose-11-150x150.jpg 150w, https:\/\/eutectic.fr\/wp-content\/uploads\/2018\/02\/l-homme-en-rose-11-100x100.jpg 100w\" sizes=\"100vw\" \/><\/a>\n\t\t\t<\/div><\/figure><figure class='gallery-item'>\n\t\t\t<div class='gallery-icon landscape'>\n\t\t\t\t<a href='https:\/\/eutectic.fr\/?attachment_id=111'><img width=\"150\" height=\"150\" src=\"https:\/\/eutectic.fr\/wp-content\/uploads\/2018\/02\/l-homme-en-rose-12-150x150.jpg\" class=\"attachment-thumbnail size-thumbnail\" alt=\"\" decoding=\"async\" loading=\"lazy\" srcset=\"https:\/\/eutectic.fr\/wp-content\/uploads\/2018\/02\/l-homme-en-rose-12-150x150.jpg 150w, https:\/\/eutectic.fr\/wp-content\/uploads\/2018\/02\/l-homme-en-rose-12-100x100.jpg 100w\" sizes=\"100vw\" \/><\/a>\n\t\t\t<\/div><\/figure><figure class='gallery-item'>\n\t\t\t<div class='gallery-icon landscape'>\n\t\t\t\t<a href='https:\/\/eutectic.fr\/?attachment_id=112'><img width=\"150\" height=\"150\" src=\"https:\/\/eutectic.fr\/wp-content\/uploads\/2018\/02\/l-homme-en-rose-13-150x150.jpg\" class=\"attachment-thumbnail size-thumbnail\" alt=\"\" decoding=\"async\" loading=\"lazy\" srcset=\"https:\/\/eutectic.fr\/wp-content\/uploads\/2018\/02\/l-homme-en-rose-13-150x150.jpg 150w, https:\/\/eutectic.fr\/wp-content\/uploads\/2018\/02\/l-homme-en-rose-13-100x100.jpg 100w\" sizes=\"100vw\" \/><\/a>\n\t\t\t<\/div><\/figure><figure class='gallery-item'>\n\t\t\t<div class='gallery-icon portrait'>\n\t\t\t\t<a href='https:\/\/eutectic.fr\/?attachment_id=113'><img width=\"150\" height=\"150\" src=\"https:\/\/eutectic.fr\/wp-content\/uploads\/2018\/02\/l-homme-en-rose-14-150x150.jpg\" class=\"attachment-thumbnail size-thumbnail\" alt=\"\" decoding=\"async\" loading=\"lazy\" srcset=\"https:\/\/eutectic.fr\/wp-content\/uploads\/2018\/02\/l-homme-en-rose-14-150x150.jpg 150w, https:\/\/eutectic.fr\/wp-content\/uploads\/2018\/02\/l-homme-en-rose-14-100x100.jpg 100w\" sizes=\"100vw\" \/><\/a>\n\t\t\t<\/div><\/figure><figure class='gallery-item'>\n\t\t\t<div class='gallery-icon portrait'>\n\t\t\t\t<a href='https:\/\/eutectic.fr\/?attachment_id=114'><img width=\"150\" height=\"150\" src=\"https:\/\/eutectic.fr\/wp-content\/uploads\/2018\/02\/l-homme-en-rose-15-150x150.jpg\" class=\"attachment-thumbnail size-thumbnail\" alt=\"\" decoding=\"async\" loading=\"lazy\" srcset=\"https:\/\/eutectic.fr\/wp-content\/uploads\/2018\/02\/l-homme-en-rose-15-150x150.jpg 150w, https:\/\/eutectic.fr\/wp-content\/uploads\/2018\/02\/l-homme-en-rose-15-100x100.jpg 100w\" sizes=\"100vw\" \/><\/a>\n\t\t\t<\/div><\/figure><figure class='gallery-item'>\n\t\t\t<div class='gallery-icon portrait'>\n\t\t\t\t<a href='https:\/\/eutectic.fr\/?attachment_id=115'><img width=\"150\" height=\"150\" src=\"https:\/\/eutectic.fr\/wp-content\/uploads\/2018\/02\/l-homme-en-rose-16-150x150.jpg\" class=\"attachment-thumbnail size-thumbnail\" alt=\"\" decoding=\"async\" loading=\"lazy\" srcset=\"https:\/\/eutectic.fr\/wp-content\/uploads\/2018\/02\/l-homme-en-rose-16-150x150.jpg 150w, https:\/\/eutectic.fr\/wp-content\/uploads\/2018\/02\/l-homme-en-rose-16-100x100.jpg 100w\" sizes=\"100vw\" \/><\/a>\n\t\t\t<\/div><\/figure><figure class='gallery-item'>\n\t\t\t<div class='gallery-icon landscape'>\n\t\t\t\t<a href='https:\/\/eutectic.fr\/?attachment_id=116'><img width=\"150\" height=\"150\" src=\"https:\/\/eutectic.fr\/wp-content\/uploads\/2018\/02\/l-homme-en-rose-17-150x150.jpg\" class=\"attachment-thumbnail size-thumbnail\" alt=\"\" decoding=\"async\" loading=\"lazy\" srcset=\"https:\/\/eutectic.fr\/wp-content\/uploads\/2018\/02\/l-homme-en-rose-17-150x150.jpg 150w, https:\/\/eutectic.fr\/wp-content\/uploads\/2018\/02\/l-homme-en-rose-17-100x100.jpg 100w\" sizes=\"100vw\" \/><\/a>\n\t\t\t<\/div><\/figure><figure class='gallery-item'>\n\t\t\t<div class='gallery-icon portrait'>\n\t\t\t\t<a href='https:\/\/eutectic.fr\/?attachment_id=117'><img width=\"150\" height=\"150\" src=\"https:\/\/eutectic.fr\/wp-content\/uploads\/2018\/02\/l-homme-en-rose-18-150x150.jpg\" class=\"attachment-thumbnail size-thumbnail\" alt=\"\" decoding=\"async\" loading=\"lazy\" srcset=\"https:\/\/eutectic.fr\/wp-content\/uploads\/2018\/02\/l-homme-en-rose-18-150x150.jpg 150w, https:\/\/eutectic.fr\/wp-content\/uploads\/2018\/02\/l-homme-en-rose-18-100x100.jpg 100w\" sizes=\"100vw\" \/><\/a>\n\t\t\t<\/div><\/figure><figure class='gallery-item'>\n\t\t\t<div class='gallery-icon portrait'>\n\t\t\t\t<a href='https:\/\/eutectic.fr\/?attachment_id=118'><img width=\"150\" height=\"150\" src=\"https:\/\/eutectic.fr\/wp-content\/uploads\/2018\/02\/l-homme-en-rose-19-150x150.jpg\" class=\"attachment-thumbnail size-thumbnail\" alt=\"\" decoding=\"async\" loading=\"lazy\" srcset=\"https:\/\/eutectic.fr\/wp-content\/uploads\/2018\/02\/l-homme-en-rose-19-150x150.jpg 150w, https:\/\/eutectic.fr\/wp-content\/uploads\/2018\/02\/l-homme-en-rose-19-100x100.jpg 100w\" sizes=\"100vw\" \/><\/a>\n\t\t\t<\/div><\/figure>\n\t\t<\/div>\n\n","protected":false},"excerpt":{"rendered":"<p>\u00a0 L&rsquo;Homme en Rose est un personnage intemporel, libre, l\u00e9ger, \u00e9vident.\u00a0\u00a0\u00a0\u00a0\u00a0\u00a0\u00a0\u00a0\u00a0\u00a0\u00a0\u00a0\u00a0\u00a0\u00a0\u00a0\u00a0\u00a0\u00a0\u00a0\u00a0\u00a0\u00a0\u00a0\u00a0\u00a0\u00a0\u00a0\u00a0\u00a0\u00a0\u00a0\u00a0\u00a0\u00a0\u00a0\u00a0\u00a0\u00a0\u00a0\u00a0\u00a0\u00a0\u00a0\u00a0\u00a0\u00a0\u00a0\u00a0\u00a0\u00a0\u00a0\u00a0\u00a0\u00a0\u00a0\u00a0\u00a0\u00a0\u00a0\u00a0\u00a0\u00a0\u00a0\u00a0\u00a0\u00a0\u00a0\u00a0\u00a0\u00a0\u00a0\u00a0\u00a0\u00a0\u00a0\u00a0\u00a0\u00a0\u00a0\u00a0\u00a0\u00a0\u00a0\u00a0\u00a0\u00a0\u00a0\u00a0\u00a0\u00a0\u00a0\u00a0\u00a0\u00a0\u00a0\u00a0\u00a0\u00a0\u00a0\u00a0\u00a0\u00a0 Le\u00a0sourire aux l\u00e8vres, il croise les regards, va \u00e0 la rencontre, s&rsquo;adresse \u00e0 l&rsquo;individu. Cette ouverture aux autres lui permet de s&rsquo;approcher avec fluidit\u00e9, d&rsquo;aborder sans heurter, de s&rsquo;immiscer sans s&rsquo;imposer.\u00a0\u00a0\u00a0\u00a0\u00a0\u00a0\u00a0\u00a0\u00a0\u00a0\u00a0\u00a0\u00a0\u00a0\u00a0\u00a0\u00a0\u00a0\u00a0\u00a0\u00a0\u00a0\u00a0\u00a0\u00a0\u00a0\u00a0\u00a0\u00a0\u00a0\u00a0\u00a0\u00a0\u00a0\u00a0\u00a0\u00a0\u00a0\u00a0\u00a0\u00a0\u00a0\u00a0\u00a0\u00a0\u00a0\u00a0\u00a0\u00a0\u00a0\u00a0\u00a0\u00a0\u00a0\u00a0\u00a0\u00a0\u00a0\u00a0\u00a0\u00a0 L&rsquo;Homme en Rose s&rsquo;adresse \u00e0 tous, \u00e0 toutes. Il improvise le moment en &hellip; <\/p>\n<p class=\"link-more\"><a href=\"https:\/\/eutectic.fr\/?page_id=96\" class=\"more-link\">Continuer la lecture<span class=\"screen-reader-text\"> de &laquo;&nbsp;l&rsquo;Homme en Rose&nbsp;&raquo;<\/span><\/a><\/p>\n","protected":false},"author":1,"featured_media":0,"parent":0,"menu_order":0,"comment_status":"closed","ping_status":"closed","template":"","meta":[],"_links":{"self":[{"href":"https:\/\/eutectic.fr\/index.php?rest_route=\/wp\/v2\/pages\/96"}],"collection":[{"href":"https:\/\/eutectic.fr\/index.php?rest_route=\/wp\/v2\/pages"}],"about":[{"href":"https:\/\/eutectic.fr\/index.php?rest_route=\/wp\/v2\/types\/page"}],"author":[{"embeddable":true,"href":"https:\/\/eutectic.fr\/index.php?rest_route=\/wp\/v2\/users\/1"}],"replies":[{"embeddable":true,"href":"https:\/\/eutectic.fr\/index.php?rest_route=%2Fwp%2Fv2%2Fcomments&post=96"}],"version-history":[{"count":0,"href":"https:\/\/eutectic.fr\/index.php?rest_route=\/wp\/v2\/pages\/96\/revisions"}],"wp:attachment":[{"href":"https:\/\/eutectic.fr\/index.php?rest_route=%2Fwp%2Fv2%2Fmedia&parent=96"}],"curies":[{"name":"wp","href":"https:\/\/api.w.org\/{rel}","templated":true}]}}