{"id":713,"date":"2018-04-06T20:31:06","date_gmt":"2018-04-06T18:31:06","guid":{"rendered":"http:\/\/eutectic.fr\/?page_id=713"},"modified":"2024-02-04T18:02:10","modified_gmt":"2024-02-04T17:02:10","slug":"caroline-chaudre","status":"publish","type":"page","link":"https:\/\/eutectic.fr\/?page_id=713","title":{"rendered":"C\u00e9line Bardin"},"content":{"rendered":"<p><img decoding=\"async\" loading=\"lazy\" class=\"alignnone wp-image-1535 size-medium\" src=\"https:\/\/eutectic.fr\/wp-content\/uploads\/2023\/12\/celine-carre16x16-300x300.jpg\" alt=\"\" width=\"300\" height=\"300\" srcset=\"https:\/\/eutectic.fr\/wp-content\/uploads\/2023\/12\/celine-carre16x16-300x300.jpg 300w, https:\/\/eutectic.fr\/wp-content\/uploads\/2023\/12\/celine-carre16x16-1024x1021.jpg 1024w, https:\/\/eutectic.fr\/wp-content\/uploads\/2023\/12\/celine-carre16x16-150x150.jpg 150w, https:\/\/eutectic.fr\/wp-content\/uploads\/2023\/12\/celine-carre16x16-768x766.jpg 768w, https:\/\/eutectic.fr\/wp-content\/uploads\/2023\/12\/celine-carre16x16-600x598.jpg 600w, https:\/\/eutectic.fr\/wp-content\/uploads\/2023\/12\/celine-carre16x16-1536x1531.jpg 1536w, https:\/\/eutectic.fr\/wp-content\/uploads\/2023\/12\/celine-carre16x16-2048x2042.jpg 2048w, https:\/\/eutectic.fr\/wp-content\/uploads\/2023\/12\/celine-carre16x16-100x100.jpg 100w\" sizes=\"(max-width: 300px) 100vw, 300px\" \/><\/p>\n<p style=\"text-align: left;\">Avec un pass\u00e9 de 10 ans de jazz vocal et de polyphonie avec le groupe \u00ab\u00a0Voix d&rsquo;Acc\u00e8s\u00a0\u00bb et 25 ann\u00e9es de nombreuses exp\u00e9riences th\u00e9\u00e2trales (du jeune public \u00e0 la Commedia dell&rsquo; Arte et au th\u00e9\u00e2tre contemporain) je suis avant tout une interpr\u00e8te : de musique, de mots ou de personnages.<\/p>\n<p style=\"text-align: left;\">Pour moi il est question de se mettre au service des \u00e9motions partag\u00e9es et de chanter le feu qui m&rsquo;anime.<\/p>\n","protected":false},"excerpt":{"rendered":"<p>Avec un pass\u00e9 de 10 ans de jazz vocal et de polyphonie avec le groupe \u00ab\u00a0Voix d&rsquo;Acc\u00e8s\u00a0\u00bb et 25 ann\u00e9es de nombreuses exp\u00e9riences th\u00e9\u00e2trales (du jeune public \u00e0 la Commedia dell&rsquo; Arte et au th\u00e9\u00e2tre contemporain) je suis avant tout une interpr\u00e8te : de musique, de mots ou de personnages. Pour moi il est question &hellip; <\/p>\n<p class=\"link-more\"><a href=\"https:\/\/eutectic.fr\/?page_id=713\" class=\"more-link\">Continuer la lecture<span class=\"screen-reader-text\"> de &laquo;&nbsp;C\u00e9line Bardin&nbsp;&raquo;<\/span><\/a><\/p>\n","protected":false},"author":2,"featured_media":0,"parent":0,"menu_order":0,"comment_status":"closed","ping_status":"closed","template":"","meta":[],"_links":{"self":[{"href":"https:\/\/eutectic.fr\/index.php?rest_route=\/wp\/v2\/pages\/713"}],"collection":[{"href":"https:\/\/eutectic.fr\/index.php?rest_route=\/wp\/v2\/pages"}],"about":[{"href":"https:\/\/eutectic.fr\/index.php?rest_route=\/wp\/v2\/types\/page"}],"author":[{"embeddable":true,"href":"https:\/\/eutectic.fr\/index.php?rest_route=\/wp\/v2\/users\/2"}],"replies":[{"embeddable":true,"href":"https:\/\/eutectic.fr\/index.php?rest_route=%2Fwp%2Fv2%2Fcomments&post=713"}],"version-history":[{"count":3,"href":"https:\/\/eutectic.fr\/index.php?rest_route=\/wp\/v2\/pages\/713\/revisions"}],"predecessor-version":[{"id":1588,"href":"https:\/\/eutectic.fr\/index.php?rest_route=\/wp\/v2\/pages\/713\/revisions\/1588"}],"wp:attachment":[{"href":"https:\/\/eutectic.fr\/index.php?rest_route=%2Fwp%2Fv2%2Fmedia&parent=713"}],"curies":[{"name":"wp","href":"https:\/\/api.w.org\/{rel}","templated":true}]}}

Céline Bardin

<p><img decoding="async" loading="lazy" class="alignnone wp-image-1535 size-medium" src="https://eutectic.fr/wp-content/uploads/2023/12/celine-carre16x16-300x300.jpg" alt="" width="300" height="300" srcset="https://eutectic.fr/wp-content/uploads/2023/12/celine-carre16x16-300x300.jpg 300w, https://eutectic.fr/wp-content/uploads/2023/12/celine-carre16x16-1024x1021.jpg 1024w, https://eutectic.fr/wp-content/uploads/2023/12/celine-carre16x16-150x150.jpg 150w, https://eutectic.fr/wp-content/uploads/2023/12/celine-carre16x16-768x766.jpg 768w, https://eutectic.fr/wp-content/uploads/2023/12/celine-carre16x16-600x598.jpg 600w, https://eutectic.fr/wp-content/uploads/2023/12/celine-carre16x16-1536x1531.jpg 1536w, https://eutectic.fr/wp-content/uploads/2023/12/celine-carre16x16-2048x2042.jpg 2048w, https://eutectic.fr/wp-content/uploads/2023/12/celine-carre16x16-100x100.jpg 100w" sizes="(max-width: 300px) 100vw, 300px" /></p>
<p style="text-align: left;">Avec un passé de 10 ans de jazz vocal et de polyphonie avec le groupe « Voix d&rsquo;Accès » et 25 années de nombreuses expériences théâtrales (du jeune public à la Commedia dell&rsquo; Arte et au théâtre contemporain) je suis avant tout une interprète : de musique, de mots ou de personnages.</p>
<p style="text-align: left;">Pour moi il est question de se mettre au service des émotions partagées et de chanter le feu qui m&rsquo;anime.</p>

<p>Avec un passé de 10 ans de jazz vocal et de polyphonie avec le groupe « Voix d&rsquo;Accès » et 25 années de nombreuses expériences théâtrales (du jeune public à la Commedia dell&rsquo; Arte et au théâtre contemporain) je suis avant tout une interprète : de musique, de mots ou de personnages. Pour moi il est question &hellip; </p>
<p class="link-more"><a href="https://eutectic.fr/?page_id=713" class="more-link">Continuer la lecture<span class="screen-reader-text"> de &laquo;&nbsp;Céline Bardin&nbsp;&raquo;</span></a></p>
