{"id":326,"date":"2018-02-27T21:19:15","date_gmt":"2018-02-27T20:19:15","guid":{"rendered":"http:\/\/eutectic.fr\/?page_id=326"},"modified":"2018-02-27T21:33:22","modified_gmt":"2018-02-27T20:33:22","slug":"comment-les-taupes-ont-elles-invente-le-metro","status":"publish","type":"page","link":"https:\/\/eutectic.fr\/?page_id=326","title":{"rendered":"Comment les taupes ont-elles invent\u00e9 le m\u00e9tro ?"},"content":{"rendered":"<h4>Coyote a envie de voir au-del\u00e0 des \u00e9toiles\u00a0!<br \/>\nUn petit oiseau essaie de l\u2019en dissuader\u00a0:<\/h4>\n<h4 style=\"padding-left: 30px;\">&#8211; Qu\u2019est-ce que tu veux aller chatouiller l\u00e0-haut\u00a0 ?\u00a0 Les \u00e9toiles illuminent nos r\u00eaves. Sans elles nos nuits ne seraient plus que cauchemars\u2026<\/h4>\n<p>Des histoires d\u2019hommes, des histoires d\u2019animaux et des histoires o\u00f9 hommes et animaux se parlent mais ne s\u2019entendent pas forc\u00e9ment\u2026<\/p>\n<p>Certes il y a de la col\u00e8re et de la folie dans ces contes, mais aussi beaucoup d\u2019amour et de na\u00efvet\u00e9, beaucoup d\u2019humour et de l\u2019espoir, des tulipes, des g\u00e9raniums, des ch\u00eanes centenaires et des hiboux\u2026<\/p>\n<p>Une petite heure avec, parsem\u00e9es entre chaque conte, des po\u00e9sies tir\u00e9es au sort.<\/p>\n<p>Age\u00a0: \u00e0 partir de 5 ans<\/p>\n","protected":false},"excerpt":{"rendered":"<p>Coyote a envie de voir au-del\u00e0 des \u00e9toiles\u00a0! Un petit oiseau essaie de l\u2019en dissuader\u00a0: &#8211; Qu\u2019est-ce que tu veux aller chatouiller l\u00e0-haut\u00a0 ?\u00a0 Les \u00e9toiles illuminent nos r\u00eaves. Sans elles nos nuits ne seraient plus que cauchemars\u2026 Des histoires d\u2019hommes, des histoires d\u2019animaux et des histoires o\u00f9 hommes et animaux se parlent mais ne &hellip; <\/p>\n<p class=\"link-more\"><a href=\"https:\/\/eutectic.fr\/?page_id=326\" class=\"more-link\">Continuer la lecture<span class=\"screen-reader-text\"> de &laquo;&nbsp;Comment les taupes ont-elles invent\u00e9 le m\u00e9tro ?&nbsp;&raquo;<\/span><\/a><\/p>\n","protected":false},"author":1,"featured_media":0,"parent":0,"menu_order":0,"comment_status":"closed","ping_status":"closed","template":"","meta":[],"_links":{"self":[{"href":"https:\/\/eutectic.fr\/index.php?rest_route=\/wp\/v2\/pages\/326"}],"collection":[{"href":"https:\/\/eutectic.fr\/index.php?rest_route=\/wp\/v2\/pages"}],"about":[{"href":"https:\/\/eutectic.fr\/index.php?rest_route=\/wp\/v2\/types\/page"}],"author":[{"embeddable":true,"href":"https:\/\/eutectic.fr\/index.php?rest_route=\/wp\/v2\/users\/1"}],"replies":[{"embeddable":true,"href":"https:\/\/eutectic.fr\/index.php?rest_route=%2Fwp%2Fv2%2Fcomments&post=326"}],"version-history":[{"count":0,"href":"https:\/\/eutectic.fr\/index.php?rest_route=\/wp\/v2\/pages\/326\/revisions"}],"wp:attachment":[{"href":"https:\/\/eutectic.fr\/index.php?rest_route=%2Fwp%2Fv2%2Fmedia&parent=326"}],"curies":[{"name":"wp","href":"https:\/\/api.w.org\/{rel}","templated":true}]}}