{"id":311,"date":"2018-02-27T19:27:45","date_gmt":"2018-02-27T18:27:45","guid":{"rendered":"http:\/\/eutectic.fr\/?page_id=311"},"modified":"2018-02-27T21:35:32","modified_gmt":"2018-02-27T20:35:32","slug":"les-fleurs-de-sang","status":"publish","type":"page","link":"https:\/\/eutectic.fr\/?page_id=311","title":{"rendered":"Les fleurs de sang"},"content":{"rendered":"<h4>Au bord d\u2019un lac un peu partout et en toutes saisons des fleurs rouge \u00e9carlate, l\u00e0-bas on les appelle\u00a0: Les fleurs de sang.<\/h4>\n<p>Fleurs de sang est une racont\u00e9e o\u00f9 l\u2019homme et la nature sont toujours intimement li\u00e9s, pour le meilleur et pour le pire, que les dieux s\u2019en m\u00ealent ou non, que les \u00e9l\u00e9ments soient sereins ou d\u00e9cha\u00een\u00e9s.<\/p>\n<p>Certes il y a de la col\u00e8re et de la folie dans ces contes, mais aussi beaucoup d\u2019amour, de na\u00efvet\u00e9 salutaire, de l\u2019espoir, de l\u2019humour, des tulipes, des g\u00e9raniums, des ch\u00eanes centenaires et des hiboux\u2026<\/p>\n<p>Age\u00a0: \u00e0 partir de 10 ans<\/p>\n","protected":false},"excerpt":{"rendered":"<p>Au bord d\u2019un lac un peu partout et en toutes saisons des fleurs rouge \u00e9carlate, l\u00e0-bas on les appelle\u00a0: Les fleurs de sang. Fleurs de sang est une racont\u00e9e o\u00f9 l\u2019homme et la nature sont toujours intimement li\u00e9s, pour le meilleur et pour le pire, que les dieux s\u2019en m\u00ealent ou non, que les \u00e9l\u00e9ments &hellip; <\/p>\n<p class=\"link-more\"><a href=\"https:\/\/eutectic.fr\/?page_id=311\" class=\"more-link\">Continuer la lecture<span class=\"screen-reader-text\"> de &laquo;&nbsp;Les fleurs de sang&nbsp;&raquo;<\/span><\/a><\/p>\n","protected":false},"author":1,"featured_media":0,"parent":0,"menu_order":0,"comment_status":"closed","ping_status":"closed","template":"","meta":[],"_links":{"self":[{"href":"https:\/\/eutectic.fr\/index.php?rest_route=\/wp\/v2\/pages\/311"}],"collection":[{"href":"https:\/\/eutectic.fr\/index.php?rest_route=\/wp\/v2\/pages"}],"about":[{"href":"https:\/\/eutectic.fr\/index.php?rest_route=\/wp\/v2\/types\/page"}],"author":[{"embeddable":true,"href":"https:\/\/eutectic.fr\/index.php?rest_route=\/wp\/v2\/users\/1"}],"replies":[{"embeddable":true,"href":"https:\/\/eutectic.fr\/index.php?rest_route=%2Fwp%2Fv2%2Fcomments&post=311"}],"version-history":[{"count":0,"href":"https:\/\/eutectic.fr\/index.php?rest_route=\/wp\/v2\/pages\/311\/revisions"}],"wp:attachment":[{"href":"https:\/\/eutectic.fr\/index.php?rest_route=%2Fwp%2Fv2%2Fmedia&parent=311"}],"curies":[{"name":"wp","href":"https:\/\/api.w.org\/{rel}","templated":true}]}}