{"id":288,"date":"2018-02-24T14:07:26","date_gmt":"2018-02-24T13:07:26","guid":{"rendered":"http:\/\/eutectic.fr\/?page_id=288"},"modified":"2018-04-27T15:11:39","modified_gmt":"2018-04-27T13:11:39","slug":"lavis-du-reveur","status":"publish","type":"page","link":"https:\/\/eutectic.fr\/?page_id=288","title":{"rendered":"L&rsquo;avis du r\u00eaveur"},"content":{"rendered":"<p>\u00e0 partir de 8 ans<\/p>\n<p>Une femme, en passant, sourit aux passants. Et les yeux doux, verts, grands ouverts, elle r\u00eave.<\/p>\n<p>Un fils quitte sa m\u00e8re pour la mer, un paysan marche avec trois sous en poche, un idiot cherche son bonheur avec trois mots en bouche. Et tous on une boussole : le r\u00eave !<\/p>\n<p>Cette racont\u00e9e dit que le r\u00eave est la source des plus beaux projets humains. Mon avis est que loin du \u00ab\u00a0faut pas r\u00eaver \u00a0\u00bb des rabats-joie ou des r\u00eaves pr\u00e9fabriqu\u00e9s de la t\u00e9l\u00e9-r\u00e9alit\u00e9, il y a des vrais r\u00eaves, ceux que l&rsquo;on garde m\u00eame \u00e9veill\u00e9. Ils nous donnent le ressort pour nous faire bondir du lit et aller le partager. Avec qui ? Peut-\u00eatre vous&#8230;<\/p>\n<p>&nbsp;<\/p>\n<p>&nbsp;<\/p>\n<div class=\"panels-flexible-region panels-flexible-region-clone_of_gabarit_panel-region_cinq_ panels-flexible-region-first col-xs-12 col-sm-6 col-md-4 col-lg-3 region_cinq\">\n<div class=\"inside panels-flexible-region-inside panels-flexible-region-clone_of_gabarit_panel-region_cinq_-inside panels-flexible-region-inside-first\">\n<div class=\"prod_gen img-rounded bckg-vert\">\n<div class=\"panel-pane pane-entity-field pane-node-field-g-n-rique jvsp_distrib fontsize-16\">\n<div class=\"pane-content\">\n<div class=\"field field-name-field-g-n-rique field-type-text-long field-label-hidden\">\n<div class=\"field-items\">\n<div class=\"field-item even\">\n<ul>\n<li><strong>Conteur<\/strong> Pascal Salzard<\/li>\n<\/ul>\n<\/div>\n<\/div>\n<\/div>\n<\/div>\n<\/div>\n<div class=\"panel-pane pane-entity-field pane-node-field-production jvsp_prod fontsize-16\">\n<div class=\"pane-content\">\n<div class=\"field field-name-field-production field-type-text-long field-label-hidden\">\n<div class=\"field-items\">\n<div class=\"field-item even\">\n<ul>\n<li><strong>Coproduction<\/strong>\u00a0Cie EutectiC, Oralia<\/li>\n<li><strong>Soutiens<\/strong>\u00a0Minist\u00e8re de la culture et de la communication DRAC Grand Est, R\u00e9gion Grand Est, Communaut\u00e9 de communes du Pays reth\u00e9lois, Ville de Rethel<\/li>\n<\/ul>\n<\/div>\n<\/div>\n<\/div>\n<\/div>\n<\/div>\n<\/div>\n<\/div>\n<\/div>\n","protected":false},"excerpt":{"rendered":"<p>\u00e0 partir de 8 ans Une femme, en passant, sourit aux passants. Et les yeux doux, verts, grands ouverts, elle r\u00eave. Un fils quitte sa m\u00e8re pour la mer, un paysan marche avec trois sous en poche, un idiot cherche son bonheur avec trois mots en bouche. Et tous on une boussole : le r\u00eave &hellip; <\/p>\n<p class=\"link-more\"><a href=\"https:\/\/eutectic.fr\/?page_id=288\" class=\"more-link\">Continuer la lecture<span class=\"screen-reader-text\"> de &laquo;&nbsp;L&rsquo;avis du r\u00eaveur&nbsp;&raquo;<\/span><\/a><\/p>\n","protected":false},"author":1,"featured_media":0,"parent":0,"menu_order":0,"comment_status":"closed","ping_status":"closed","template":"","meta":[],"_links":{"self":[{"href":"https:\/\/eutectic.fr\/index.php?rest_route=\/wp\/v2\/pages\/288"}],"collection":[{"href":"https:\/\/eutectic.fr\/index.php?rest_route=\/wp\/v2\/pages"}],"about":[{"href":"https:\/\/eutectic.fr\/index.php?rest_route=\/wp\/v2\/types\/page"}],"author":[{"embeddable":true,"href":"https:\/\/eutectic.fr\/index.php?rest_route=\/wp\/v2\/users\/1"}],"replies":[{"embeddable":true,"href":"https:\/\/eutectic.fr\/index.php?rest_route=%2Fwp%2Fv2%2Fcomments&post=288"}],"version-history":[{"count":0,"href":"https:\/\/eutectic.fr\/index.php?rest_route=\/wp\/v2\/pages\/288\/revisions"}],"wp:attachment":[{"href":"https:\/\/eutectic.fr\/index.php?rest_route=%2Fwp%2Fv2%2Fmedia&parent=288"}],"curies":[{"name":"wp","href":"https:\/\/api.w.org\/{rel}","templated":true}]}}