{"id":154,"date":"2018-02-23T15:35:44","date_gmt":"2018-02-23T14:35:44","guid":{"rendered":"http:\/\/eutectic.fr\/?page_id=154"},"modified":"2018-02-23T15:44:37","modified_gmt":"2018-02-23T14:44:37","slug":"histoires-tombees-du-lit","status":"publish","type":"page","link":"https:\/\/eutectic.fr\/?page_id=154","title":{"rendered":"Histoires tomb\u00e9es du lit"},"content":{"rendered":"<p><img decoding=\"async\" loading=\"lazy\" class=\"alignnone wp-image-155 size-full\" src=\"http:\/\/eutectic.fr\/wp-content\/uploads\/2018\/02\/ob_0fda5f_ob-e337a1-flyer-histoires-tombees-du-l-e1519396526107.jpg\" alt=\"\" width=\"721\" height=\"514\" srcset=\"https:\/\/eutectic.fr\/wp-content\/uploads\/2018\/02\/ob_0fda5f_ob-e337a1-flyer-histoires-tombees-du-l-e1519396526107.jpg 721w, https:\/\/eutectic.fr\/wp-content\/uploads\/2018\/02\/ob_0fda5f_ob-e337a1-flyer-histoires-tombees-du-l-e1519396526107-300x214.jpg 300w\" sizes=\"(max-width: 721px) 100vw, 721px\" \/><\/p>\n<p>public \u00e0 partir de 3 ans<\/p>\n<p style=\"padding-left: 30px;\"><em>Un ouvrier conteur b\u00e2tit son d\u00e9cor et ses histoires.<\/em><br \/>\n<em>Une nuit, un roi,\u00a0 par sa fen\u00eatre ouverte, \u00a0aper\u00e7oit la lune.<\/em><br \/>\n<em>Il n\u2019a plus qu\u2019une id\u00e9e en t\u00eate\u00a0: poser le pied dessus\u00a0!<\/em><br \/>\n<em>Un clown perd son sourire mais l\u2019amour s\u2019en m\u00eale.<\/em><br \/>\n<em>Une petite fille d\u00e9vore sa faim \u00e0 l\u2019infini.<\/em><br \/>\n<em>Un roi n\u2019a pas de mot assez fort pour nommer son chat qui dort\u00a0!<\/em><\/p>\n<p>C\u2019est un spectacle de forme l\u00e9g\u00e8re. D\u2019une\u00a0 caisse nocturne (appel\u00e9e aussi bo\u00eete de nuit) sortent des accessoires\u00a0: cubes, animaux et funambule.<\/p>\n<p>Sur le fil d\u2019une parole simple et chaleureuse les histoires prennent vie.<br \/>\nUn moment de connivence entre les contes, le conteur et le public.<\/p>\n<h3>\u00a0Fiche technique<\/h3>\n<p>Espace sc\u00e9nique 2.60 m de large\u00a0 x 2.20 m de profondeur<br \/>\npublic\u00a0: maximum 80 personnes<br \/>\nPublic scolaire\u00a0: 2 classes<\/p>\n<p><a href=\"http:\/\/eutectic.fr\/wp-content\/uploads\/2018\/02\/histoire-tombee-du-lit-dossier-pedagogique-histoires-lit.pdf\">Voir le dossier p\u00e9dagogique<\/a><\/p>\n","protected":false},"excerpt":{"rendered":"<p>public \u00e0 partir de 3 ans Un ouvrier conteur b\u00e2tit son d\u00e9cor et ses histoires. Une nuit, un roi,\u00a0 par sa fen\u00eatre ouverte, \u00a0aper\u00e7oit la lune. Il n\u2019a plus qu\u2019une id\u00e9e en t\u00eate\u00a0: poser le pied dessus\u00a0! Un clown perd son sourire mais l\u2019amour s\u2019en m\u00eale. Une petite fille d\u00e9vore sa faim \u00e0 l\u2019infini. Un &hellip; <\/p>\n<p class=\"link-more\"><a href=\"https:\/\/eutectic.fr\/?page_id=154\" class=\"more-link\">Continuer la lecture<span class=\"screen-reader-text\"> de &laquo;&nbsp;Histoires tomb\u00e9es du lit&nbsp;&raquo;<\/span><\/a><\/p>\n","protected":false},"author":1,"featured_media":155,"parent":0,"menu_order":0,"comment_status":"closed","ping_status":"closed","template":"","meta":[],"_links":{"self":[{"href":"https:\/\/eutectic.fr\/index.php?rest_route=\/wp\/v2\/pages\/154"}],"collection":[{"href":"https:\/\/eutectic.fr\/index.php?rest_route=\/wp\/v2\/pages"}],"about":[{"href":"https:\/\/eutectic.fr\/index.php?rest_route=\/wp\/v2\/types\/page"}],"author":[{"embeddable":true,"href":"https:\/\/eutectic.fr\/index.php?rest_route=\/wp\/v2\/users\/1"}],"replies":[{"embeddable":true,"href":"https:\/\/eutectic.fr\/index.php?rest_route=%2Fwp%2Fv2%2Fcomments&post=154"}],"version-history":[{"count":0,"href":"https:\/\/eutectic.fr\/index.php?rest_route=\/wp\/v2\/pages\/154\/revisions"}],"wp:featuredmedia":[{"embeddable":true,"href":"https:\/\/eutectic.fr\/index.php?rest_route=\/wp\/v2\/media\/155"}],"wp:attachment":[{"href":"https:\/\/eutectic.fr\/index.php?rest_route=%2Fwp%2Fv2%2Fmedia&parent=154"}],"curies":[{"name":"wp","href":"https:\/\/api.w.org\/{rel}","templated":true}]}}